 by 324.
105
What is the remainder when 2394 is divided by 610?
564
What is the remainder when 5657 is divided by 1128?
17
Calculate the remainder when 10978 is divided by 161.
30
What is the remainder when 4143 is divided by 2052?
39
What is the remainder when 10514 is divided by 3455?
149
What is the remainder when 9210 is divided by 542?
538
What is the remainder when 304908 is divided by 17?
13
What is the remainder when 15867 is divided by 948?
699
Calculate the remainder when 5782 is divided by 2845.
92
What is the remainder when 90141 is divided by 543?
3
Calculate the remainder when 1494472 is divided by 31.
24
What is the remainder when 18972 is divided by 237?
12
What is the remainder when 947 is divided by 302?
41
Calculate the remainder when 501147 is divided by 25.
22
Calculate the remainder when 304072 is divided by 77.
76
What is the remainder when 23610 is divided by 3?
0
Calculate the remainder when 143464 is divided by 31.
27
What is the remainder when 4093 is divided by 59?
22
Calculate the remainder when 651120 is divided by 108519.
6
What is the remainder when 8091 is divided by 1615?
16
What is the remainder when 6259 is divided by 138?
49
What is the remainder when 568452 is divided by 14?
10
What is the remainder when 278629 is divided by 102?
67
Calculate the remainder when 22370 is divided by 66.
62
What is the remainder when 112879 is divided by 332?
331
What is the remainder when 5864 is divided by 70?
54
What is the remainder when 26082 is divided by 72?
18
Calculate the remainder when 270037 is divided by 314.
311
What is the remainder when 38587 is divided by 19288?
11
What is the remainder when 1045 is divided by 1015?
30
Calculate the remainder when 585 is divided by 167.
84
Calculate the remainder when 18474 is divided by 72.
42
Calculate the remainder when 3897 is divided by 177.
3
What is the remainder when 1679 is divided by 683?
313
What is the remainder when 155450 is divided by 14123?
97
Calculate the remainder when 86863 is divided by 58.
37
Calculate the remainder when 1255 is divided by 1237.
18
What is the remainder when 10838 is divided by 99?
47
What is the remainder when 18323 is divided by 704?
19
Calculate the remainder when 4208 is divided by 4157.
51
What is the remainder when 3792 is divided by 16?
0
Calculate the remainder when 842 is divided by 745.
97
Calculate the remainder when 11574 is divided by 3841.
51
Calculate the remainder when 4940 is divided by 226.
194
Calculate the remainder when 434 is divided by 89.
78
Calculate the remainder when 58643 is divided by 11674.
273
What is the remainder when 484220 is divided by 25?
20
What is the remainder when 1640086 is divided by 74549?
8
Calculate the remainder when 3561668 is divided by 85.
83
Calculate the remainder when 94610 is divided by 5256.
2
Calculate the remainder when 50769 is divided by 63.
54
Calculate the remainder when 2488 is divided by 361.
322
Calculate the remainder when 9196 is divided by 916.
36
Calculate the remainder when 532390 is divided by 40953.
1
Calculate the remainder when 1383883 is divided by 76.
75
What is the remainder when 429 is divided by 140?
9
What is the remainder when 486458 is divided by 52?
50
What is the remainder when 1911 is divided by 776?
359
What is the remainder when 6135 is divided by 26?
25
What is the remainder when 8745 is divided by 420?
345
What is the remainder when 49243 is divided by 40?
3
Calculate the remainder when 455096 is divided by 25.
21
What is the remainder when 359132 is divided by 217?
214
Calculate the remainder when 7094 is divided by 588.
38
Calculate the remainder when 40279 is divided by 601.
12
What is the remainder when 2066 is divided by 141?
92
Calculate the remainder when 5651000 is divided by 389.
386
Calculate the remainder when 597234 is divided by 1080.
1074
What is the remainder when 690 is divided by 114?
6
Calculate the remainder when 4981 is divided by 203.
109
Calculate the remainder when 13935 is divided by 6.
3
What is the remainder when 596 is divided by 570?
26
What is the remainder when 130312 is divided by 232?
160
Calculate the remainder when 5689 is divided by 13.
8
Calculate the remainder when 16423 is divided by 16410.
13
Calculate the remainder when 1753 is divided by 568.
49
What is the remainder when 291814 is divided by 1093?
1076
What is the remainder when 251473 is divided by 1303?
1297
Calculate the remainder when 322133 is divided by 40.
13
What is the remainder when 61389 is divided by 16?
13
What is the remainder when 4007 is divided by 23?
5
What is the remainder when 46691 is divided by 421?
381
Calculate the remainder when 2413 is divided by 222.
193
What is the remainder when 114441 is divided by 99?
96
Calculate the remainder when 3972 is divided by 3939.
33
Calculate the remainder when 226546 is divided by 230.
226
Calculate the remainder when 2494 is divided by 36.
10
Calculate the remainder when 27677 is divided by 47.
41
What is the remainder when 75025 is divided by 281?
279
What is the remainder when 11902 is divided by 53?
30
Calculate the remainder when 114459 is divided by 17.
15
What is the remainder when 29743 is divided by 52?
51
Calculate the remainder when 213 is divided by 15.
3
What is the remainder when 19230 is divided by 118?
114
Calculate the remainder when 58073 is divided by 60.
53
Calculate the remainder when 213990 is divided by 39.
36
Calculate the remainder when 8353 is divided by 4173.
7
Calculate the remainder when 43375 is divided by 1880.
135
What is the remainder when 3278 is divided by 413?
387
What is the remainder when 76902 is divided by 1282?
1264
What is the remainder when 50256 is divided by 55?
41
What is the remainder when 936 is divided by 333?
270
Calculate the remainder when 25986 is divided by 6363.
534
Calculate the remainder when 9995337 is divided by 92.
89
What is the remainder when 110825 is divided by 326?
311
What is the remainder when 28893 is divided by 28712?
181
Calculate the remainder when 28542 is divided by 123.
6
What is the remainder when 7651 is divided by 14?
7
Calculate the remainder when 2243 is divided by 745.
8
Calculate the remainder when 1288 is divided by 710.
578
What is the remainder when 3736 is divided by 329?
117
What is the remainder when 966 is divided by 69?
0
What is the remainder when 89158 is divided by 40?
38
Calculate the remainder when 24400 is divided by 12154.
92
Calculate the remainder when 1817740 is divided by 426.
424
What is the remainder when 5069 is divided by 1670?
59
What is the remainder when 27797 is divided by 339?
338
What is the remainder when 8732 is divided by 123?
122
What is the remainder when 554246 is divided by 15?
11
Calculate the remainder when 947 is divided by 63.
2
Calculate the remainder when 72526 is divided by 11.
3
What is the remainder when 9843 is divided by 3255?
78
What is the remainder when 475019 is divided by 455?
454
What is the remainder when 127091 is divided by 90?
11
Calculate the remainder when 496496 is divided by 461.
460
What is the remainder when 7454 is divided by 373?
367
What is the remainder when 5299 is divided by 96?
19
What is the remainder when 21945 is divided by 782?
49
Calculate the remainder when 21235 is divided by 3482.
343
Calculate the remainder when 59208 is divided by 847.
765
Calculate the remainder when 29809 is divided by 213.
202
Calculate the remainder when 23304 is divided by 40.
24
What is the remainder when 101234 is divided by 739?
730
Calculate the remainder when 44801 is divided by 943.
480
Calculate the remainder when 190187 is divided by 715.
712
What is the remainder when 8521 is divided by 310?
151
What is the remainder when 101467 is divided by 179?
153
Calculate the remainder when 24148 is divided by 423.
37
Calculate the remainder when 43658 is divided by 81.
80
What is the remainder when 625398 is divided by 312697?
4
Calculate the remainder when 10953 is divided by 10944.
9
What is the remainder when 209496 is divided by 104741?
14
What is the remainder when 66753 is divided by 35?
8
Calculate the remainder when 29895 is divided by 9962.
9
Calculate the remainder when 7562 is divided by 215.
37
What is the remainder when 6699 is divided by 43?
34
Calculate